{"id":1288,"date":"2022-02-01T18:44:00","date_gmt":"2022-02-01T18:44:00","guid":{"rendered":"http:\/\/www.sergiobernaldancecompany.com\/biography\/"},"modified":"2023-01-12T16:43:56","modified_gmt":"2023-01-12T15:43:56","slug":"biography","status":"publish","type":"page","link":"https:\/\/www.sergiobernaldancecompany.com\/en\/biography\/","title":{"rendered":"Biograf\u00eda Sergio Bernal"},"content":{"rendered":"<p>[et_pb_section fb_built=&#8221;1&#8243; _builder_version=&#8221;4.12.1&#8243; _module_preset=&#8221;default&#8221; background_color=&#8221;rgba(0,0,0,0.16)&#8221; background_image=&#8221;https:\/\/www.sergiobernaldancecompany.com\/wp-content\/uploads\/2021\/10\/Banner_Sergio_Bernal_Shooting_3C.jpg&#8221; background_blend=&#8221;multiply&#8221; height_tablet=&#8221;&#8221; height_phone=&#8221;628px&#8221; height_last_edited=&#8221;on|phone&#8221; background_color_phone=&#8221;rgba(0,0,0,0.31)&#8221; background_last_edited=&#8221;on|phone&#8221; background_enable_color_phone=&#8221;on&#8221; global_colors_info=&#8221;{}&#8221;][et_pb_row column_structure=&#8221;1_2,1_2&#8243; _builder_version=&#8221;4.12.1&#8243; _module_preset=&#8221;default&#8221; global_colors_info=&#8221;{}&#8221;][et_pb_column type=&#8221;1_2&#8243; _builder_version=&#8221;4.11.1&#8243; _module_preset=&#8221;default&#8221; global_colors_info=&#8221;{}&#8221;][\/et_pb_column][et_pb_column type=&#8221;1_2&#8243; _builder_version=&#8221;4.11.1&#8243; _module_preset=&#8221;default&#8221; global_colors_info=&#8221;{}&#8221;][et_pb_text _builder_version=&#8221;4.14.7&#8243; _module_preset=&#8221;default&#8221; text_font=&#8221;Montserrat|100||on|||||&#8221; text_text_color=&#8221;#FFFFFF&#8221; text_font_size=&#8221;82px&#8221; text_line_height=&#8221;1em&#8221; animation_style=&#8221;slide&#8221; animation_direction=&#8221;right&#8221; text_text_color_tablet=&#8221;&#8221; text_text_color_phone=&#8221;&#8221; text_text_color_last_edited=&#8221;on|desktop&#8221; text_font_size_tablet=&#8221;&#8221; text_font_size_phone=&#8221;42px&#8221; text_font_size_last_edited=&#8221;on|desktop&#8221; global_colors_info=&#8221;{}&#8221;]<\/p>\n<p>Sergio Bernal Biography<\/p>\n<p>[\/et_pb_text][et_pb_text _builder_version=&#8221;4.14.7&#8243; _module_preset=&#8221;default&#8221; text_font=&#8221;|300|||||||&#8221; text_text_color=&#8221;#FFFFFF&#8221; text_line_height=&#8221;1.8em&#8221; animation_style=&#8221;fade&#8221; text_line_height_tablet=&#8221;&#8221; text_line_height_phone=&#8221;1.4em&#8221; text_line_height_last_edited=&#8221;on|phone&#8221; global_colors_info=&#8221;{}&#8221;]<\/p>\n<p>Sergio was born in Madrid in 1990, He began in 2002 at the <strong>Real Conservatorio de Danza de Madrid<\/strong>, where he graduated with top marks. His professional career began when he joined Rafael Aguilar&#8217;s company as a principal dancer and later joined the Workshop of the National Ballet of Spain In 2009 he was part of the <strong>Carlos Saura<\/strong> company and toured internationally with <em><strong>Flamenco Hoy<\/strong><\/em>.<\/p>\n<p>In 2012 he joined the <strong>National Ballet of Spain<\/strong> as a soloist, becoming a <strong>principal dancer in 2016<\/strong>.<\/p>\n<p>In recent years he has traveled the world dancing in the most renowned international star galas with <strong>Plis\u00e9tskaya, Rojo, Somova, Obraztsova, Nu\u00f1ez y Polunin<\/strong> among others.<\/p>\n<p>In his repertoire he dances <strong><em>The three cornered hat<\/em><\/strong>, <em><strong>Fantas\u00eda Galaica<\/strong>, <strong>Puerta de Tierra<\/strong>, <strong>Zapateado de Sarasate<\/strong>, <strong>Erita\u00f1a<\/strong> (<\/em>Antonio Ruiz Soler); <em><strong>Bolero<\/strong> (<\/em>Rafael Aguilar); <em><strong>Bolero<\/strong> (<\/em>Granero); <em><strong>The Swan<\/strong>, <strong>The last encounter<\/strong> y <strong>Concierto Andaluz <\/strong> <\/em>(Ricardo Cue); <em><strong>Electra<\/strong> (<\/em>Antonio Ruz); <em><strong>Apollo<\/strong><\/em>(Balanchine)<em>).<\/em><\/p>\n<p><span style=\"font-size: 14px\">He dances his own choreographies: <\/span><em style=\"font-size: 14px\"><strong>Overture<\/strong>, <strong>Ser<\/strong>, <strong>Folia of gentlemen<\/strong>, <strong>Orgia<\/strong>, <strong>Bolero<\/strong>, <strong>Histoire du soldat<\/strong>, <strong>Petrushka<\/strong>.<\/em><\/p>\n<p>&nbsp;<\/p>\n<p>In September 2019 he left the National Ballet of Spain to form his own company together with Ricardo Cue. His first production was <strong><em>&#8216;A Night with Sergio Bernal&#8217;<\/em><\/strong> premiered in Sochi, Russia, along with <strong>Joaqu\u00edn de Luz<\/strong> and <strong>Miriam Mendoza<\/strong>.<\/p>\n<p>In January of that year, he was a <strong>special guest artist at the English National Ballet&#8217;s 70th anniversary celebration directed by Tamara Rojo<\/strong> at the Coliseum Theater in London.<\/p>\n<p>In October 2020 open the second production <strong>\u201cSER\u201d<\/strong> at the Teatros del Canal, Madrid. In January 2022 he began touring with both programs in Italy and Spain.<\/p>\n<p>[\/et_pb_text][\/et_pb_column][\/et_pb_row][\/et_pb_section][et_pb_section fb_built=&#8221;1&#8243; custom_padding_last_edited=&#8221;on|phone&#8221; _builder_version=&#8221;4.11.1&#8243; _module_preset=&#8221;default&#8221; background_color=&#8221;#000000&#8243; background_enable_image=&#8221;off&#8221; custom_margin=&#8221;||||false|false&#8221; custom_padding=&#8221;||0px||false|false&#8221; custom_padding_tablet=&#8221;&#8221; custom_padding_phone=&#8221;0px||0px||false|false&#8221; global_colors_info=&#8221;{}&#8221;][et_pb_row column_structure=&#8221;1_2,1_2&#8243; _builder_version=&#8221;4.14.7&#8243; _module_preset=&#8221;default&#8221; custom_padding=&#8221;|0px||0px|false|false&#8221; global_colors_info=&#8221;{}&#8221;][et_pb_column type=&#8221;1_2&#8243; _builder_version=&#8221;4.11.1&#8243; _module_preset=&#8221;default&#8221; global_colors_info=&#8221;{}&#8221;][\/et_pb_column][et_pb_column type=&#8221;1_2&#8243; _builder_version=&#8221;4.14.7&#8243; _module_preset=&#8221;default&#8221; background_color=&#8221;rgba(0,0,0,0.48)&#8221; custom_padding_tablet=&#8221;&#8221; custom_padding_phone=&#8221;40px||||false|false&#8221; custom_padding_last_edited=&#8221;on|phone&#8221; animation_style=&#8221;slide&#8221; animation_direction=&#8221;right&#8221; animation_intensity_slide=&#8221;25%&#8221; global_colors_info=&#8221;{}&#8221;][et_pb_text _builder_version=&#8221;4.14.7&#8243; _module_preset=&#8221;default&#8221; text_font=&#8221;Montserrat|100||on|||||&#8221; text_text_color=&#8221;#FFFFFF&#8221; text_font_size=&#8221;40px&#8221; text_line_height=&#8221;1em&#8221; animation_direction=&#8221;right&#8221; text_text_color_tablet=&#8221;&#8221; text_text_color_phone=&#8221;&#8221; text_text_color_last_edited=&#8221;on|phone&#8221; text_font_size_tablet=&#8221;&#8221; text_font_size_phone=&#8221;28px&#8221; text_font_size_last_edited=&#8221;on|phone&#8221; text_line_height_phone=&#8221;1em&#8221; text_line_height_last_edited=&#8221;off|phone&#8221; global_colors_info=&#8221;{}&#8221;]<\/p>\n<p>Awards and honors<\/p>\n<p>[\/et_pb_text][et_pb_text _builder_version=&#8221;4.14.7&#8243; _module_preset=&#8221;default&#8221; text_font=&#8221;|300|||||||&#8221; text_text_color=&#8221;#FFFFFF&#8221; text_line_height=&#8221;1.8em&#8221; hover_enabled=&#8221;0&#8243; text_line_height_tablet=&#8221;&#8221; text_line_height_phone=&#8221;1.3em&#8221; text_line_height_last_edited=&#8221;on|phone&#8221; global_colors_info=&#8221;{}&#8221; sticky_enabled=&#8221;0&#8243;]<\/p>\n<p>2012 2012 <strong>Premio Positano de la Danza<\/strong> &#8216;Leonide Massine&#8217;.<br \/><a href=\"https:\/\/www.elmundo.es\/elmundo\/2012\/09\/09\/cultura\/1347211478.html\" target=\"_blank\" rel=\"noopener\"><em>BERNAL recibe el Premio Positano de la Danza \u201cLeone Massine<\/em><\/a><\/p>\n<p>2016 <strong>Ballet 2000 Award <\/strong>. Prix in Cannes, France<br \/><a href=\"https:\/\/www.elmundo.es\/cultura\/2016\/07\/31\/579e2e58468aebce658b45a4.html\" target=\"_blank\" rel=\"noopener\"><em>\u201cEl baile espa\u00f1ol de Sergio Bernal, galardonado junto a la \u00e9lite del ballet cl\u00e1sico internacional.\u201d<\/em><\/a><\/p>\n<p>2017 <strong>FORBES Award<\/strong> &#8220;UNDER 30 UNDER&#8221;.<br \/><a href=\"https:\/\/forbessummit.es\/30-under-30-2017\/\" target=\"_blank\" rel=\"noopener\"><em>\u201cForbes Espa\u00f1a, la revista de negocios por excelencia en nuestro pa\u00eds, re\u00fane a los 30 espa\u00f1oles m\u00e1s exitosos por debajo de los 30 a\u00f1os en la primera edici\u00f3n de Forbes 30 under 30 para hacer una radiograf\u00eda completa del emprendimiento actual en un mundo digitalizado y cambiante.\u201d<\/em><\/a><\/p>\n<p>2018 <strong>Nominated for UK National Dance Awards<\/strong> (for Outstanding male classical performance &#8220;The Swan&#8221;)<br \/><a href=\"https:\/\/dancetabs.com\/2018\/11\/2018-national-dance-awards-announcement-of-nominations\/\" target=\"_blank\" rel=\"noopener\"><em>2018 National Dance Awards. Announcement of Nominations<\/em><\/a><\/p>\n<p>2019 Named <strong>UK Ambassador for the Arts<\/strong>.<br \/><a href=\"https:\/\/www.lavanguardia.com\/vida\/20190529\/462560778309\/el-bailarin-espanol-sergio-bernal-embajador-de-las-artes-del-reino-unido.html\" target=\"_blank\" rel=\"noopener\"><em>\u201cEl bailar\u00edn madrile\u00f1o Sergio Bernal, embajador de las Artes del Reino Unido.\u201d<\/em><\/a><\/p>\n<p>2021 <strong>Taobuk Awards Award <\/strong> for the best dancer on the international scene. Taormina, Italy.<\/p>\n<p>2021 <strong>World Dance Stars Gala Recognition <\/strong>. Santo Domingo.<\/p>\n<p>2023 <strong>Award to the best internacional dancer<\/strong>. International magazine DANZA&#038;DANZA 2022.<\/p>\n<p>[\/et_pb_text][\/et_pb_column][\/et_pb_row][\/et_pb_section]<\/p>\n","protected":false},"excerpt":{"rendered":"<p>Sergio Bernal BiographySergio was born in Madrid in 1990, He began in 2002 at the Real Conservatorio de Danza de Madrid, where he graduated with top marks. His professional career began when he joined Rafael Aguilar&#8217;s company as a principal dancer and later joined the Workshop of the National Ballet of Spain In 2009 he [&hellip;]<\/p>\n","protected":false},"author":1,"featured_media":1020,"parent":0,"menu_order":0,"comment_status":"closed","ping_status":"closed","template":"","meta":{"_et_pb_use_builder":"on","_et_pb_old_content":"","_et_gb_content_width":"","footnotes":""},"class_list":["post-1288","page","type-page","status-publish","has-post-thumbnail","hentry"],"_links":{"self":[{"href":"https:\/\/www.sergiobernaldancecompany.com\/en\/wp-json\/wp\/v2\/pages\/1288","targetHints":{"allow":["GET"]}}],"collection":[{"href":"https:\/\/www.sergiobernaldancecompany.com\/en\/wp-json\/wp\/v2\/pages"}],"about":[{"href":"https:\/\/www.sergiobernaldancecompany.com\/en\/wp-json\/wp\/v2\/types\/page"}],"author":[{"embeddable":true,"href":"https:\/\/www.sergiobernaldancecompany.com\/en\/wp-json\/wp\/v2\/users\/1"}],"replies":[{"embeddable":true,"href":"https:\/\/www.sergiobernaldancecompany.com\/en\/wp-json\/wp\/v2\/comments?post=1288"}],"version-history":[{"count":19,"href":"https:\/\/www.sergiobernaldancecompany.com\/en\/wp-json\/wp\/v2\/pages\/1288\/revisions"}],"predecessor-version":[{"id":2689,"href":"https:\/\/www.sergiobernaldancecompany.com\/en\/wp-json\/wp\/v2\/pages\/1288\/revisions\/2689"}],"wp:featuredmedia":[{"embeddable":true,"href":"https:\/\/www.sergiobernaldancecompany.com\/en\/wp-json\/wp\/v2\/media\/1020"}],"wp:attachment":[{"href":"https:\/\/www.sergiobernaldancecompany.com\/en\/wp-json\/wp\/v2\/media?parent=1288"}],"curies":[{"name":"wp","href":"https:\/\/api.w.org\/{rel}","templated":true}]}}

Biografía Sergio Bernal

<p>[et_pb_section fb_built=&#8221;1&#8243; _builder_version=&#8221;4.12.1&#8243; _module_preset=&#8221;default&#8221; background_color=&#8221;rgba(0,0,0,0.16)&#8221; background_image=&#8221;https://www.sergiobernaldancecompany.com/wp-content/uploads/2021/10/Banner_Sergio_Bernal_Shooting_3C.jpg&#8221; background_blend=&#8221;multiply&#8221; height_tablet=&#8221;&#8221; height_phone=&#8221;628px&#8221; height_last_edited=&#8221;on|phone&#8221; background_color_phone=&#8221;rgba(0,0,0,0.31)&#8221; background_last_edited=&#8221;on|phone&#8221; background_enable_color_phone=&#8221;on&#8221; global_colors_info=&#8221;{}&#8221;][et_pb_row column_structure=&#8221;1_2,1_2&#8243; _builder_version=&#8221;4.12.1&#8243; _module_preset=&#8221;default&#8221; global_colors_info=&#8221;{}&#8221;][et_pb_column type=&#8221;1_2&#8243; _builder_version=&#8221;4.11.1&#8243; _module_preset=&#8221;default&#8221; global_colors_info=&#8221;{}&#8221;][/et_pb_column][et_pb_column type=&#8221;1_2&#8243; _builder_version=&#8221;4.11.1&#8243; _module_preset=&#8221;default&#8221; global_colors_info=&#8221;{}&#8221;][et_pb_text _builder_version=&#8221;4.14.7&#8243; _module_preset=&#8221;default&#8221; text_font=&#8221;Montserrat|100||on|||||&#8221; text_text_color=&#8221;#FFFFFF&#8221; text_font_size=&#8221;82px&#8221; text_line_height=&#8221;1em&#8221; animation_style=&#8221;slide&#8221; animation_direction=&#8221;right&#8221; text_text_color_tablet=&#8221;&#8221; text_text_color_phone=&#8221;&#8221; text_text_color_last_edited=&#8221;on|desktop&#8221; text_font_size_tablet=&#8221;&#8221; text_font_size_phone=&#8221;42px&#8221; text_font_size_last_edited=&#8221;on|desktop&#8221; global_colors_info=&#8221;{}&#8221;]</p>
<p>Sergio Bernal Biography</p>
<p>[/et_pb_text][et_pb_text _builder_version=&#8221;4.14.7&#8243; _module_preset=&#8221;default&#8221; text_font=&#8221;|300|||||||&#8221; text_text_color=&#8221;#FFFFFF&#8221; text_line_height=&#8221;1.8em&#8221; animation_style=&#8221;fade&#8221; text_line_height_tablet=&#8221;&#8221; text_line_height_phone=&#8221;1.4em&#8221; text_line_height_last_edited=&#8221;on|phone&#8221; global_colors_info=&#8221;{}&#8221;]</p>
<p>Sergio was born in Madrid in 1990, He began in 2002 at the <strong>Real Conservatorio de Danza de Madrid</strong>, where he graduated with top marks. His professional career began when he joined Rafael Aguilar&#8217;s company as a principal dancer and later joined the Workshop of the National Ballet of Spain In 2009 he was part of the <strong>Carlos Saura</strong> company and toured internationally with <em><strong>Flamenco Hoy</strong></em>.</p>
<p>In 2012 he joined the <strong>National Ballet of Spain</strong> as a soloist, becoming a <strong>principal dancer in 2016</strong>.</p>
<p>In recent years he has traveled the world dancing in the most renowned international star galas with <strong>Plisétskaya, Rojo, Somova, Obraztsova, Nuñez y Polunin</strong> among others.</p>
<p>In his repertoire he dances <strong><em>The three cornered hat</em></strong>, <em><strong>Fantasía Galaica</strong>, <strong>Puerta de Tierra</strong>, <strong>Zapateado de Sarasate</strong>, <strong>Eritaña</strong> (</em>Antonio Ruiz Soler); <em><strong>Bolero</strong> (</em>Rafael Aguilar); <em><strong>Bolero</strong> (</em>Granero); <em><strong>The Swan</strong>, <strong>The last encounter</strong> y <strong>Concierto Andaluz </strong> </em>(Ricardo Cue); <em><strong>Electra</strong> (</em>Antonio Ruz); <em><strong>Apollo</strong></em>(Balanchine)<em>).</em></p>
<p><span style="font-size: 14px">He dances his own choreographies: </span><em style="font-size: 14px"><strong>Overture</strong>, <strong>Ser</strong>, <strong>Folia of gentlemen</strong>, <strong>Orgia</strong>, <strong>Bolero</strong>, <strong>Histoire du soldat</strong>, <strong>Petrushka</strong>.</em></p>
<p>&nbsp;</p>
<p>In September 2019 he left the National Ballet of Spain to form his own company together with Ricardo Cue. His first production was <strong><em>&#8216;A Night with Sergio Bernal&#8217;</em></strong> premiered in Sochi, Russia, along with <strong>Joaquín de Luz</strong> and <strong>Miriam Mendoza</strong>.</p>
<p>In January of that year, he was a <strong>special guest artist at the English National Ballet&#8217;s 70th anniversary celebration directed by Tamara Rojo</strong> at the Coliseum Theater in London.</p>
<p>In October 2020 open the second production <strong>“SER”</strong> at the Teatros del Canal, Madrid. In January 2022 he began touring with both programs in Italy and Spain.</p>
<p>[/et_pb_text][/et_pb_column][/et_pb_row][/et_pb_section][et_pb_section fb_built=&#8221;1&#8243; custom_padding_last_edited=&#8221;on|phone&#8221; _builder_version=&#8221;4.11.1&#8243; _module_preset=&#8221;default&#8221; background_color=&#8221;#000000&#8243; background_enable_image=&#8221;off&#8221; custom_margin=&#8221;||||false|false&#8221; custom_padding=&#8221;||0px||false|false&#8221; custom_padding_tablet=&#8221;&#8221; custom_padding_phone=&#8221;0px||0px||false|false&#8221; global_colors_info=&#8221;{}&#8221;][et_pb_row column_structure=&#8221;1_2,1_2&#8243; _builder_version=&#8221;4.14.7&#8243; _module_preset=&#8221;default&#8221; custom_padding=&#8221;|0px||0px|false|false&#8221; global_colors_info=&#8221;{}&#8221;][et_pb_column type=&#8221;1_2&#8243; _builder_version=&#8221;4.11.1&#8243; _module_preset=&#8221;default&#8221; global_colors_info=&#8221;{}&#8221;][/et_pb_column][et_pb_column type=&#8221;1_2&#8243; _builder_version=&#8221;4.14.7&#8243; _module_preset=&#8221;default&#8221; background_color=&#8221;rgba(0,0,0,0.48)&#8221; custom_padding_tablet=&#8221;&#8221; custom_padding_phone=&#8221;40px||||false|false&#8221; custom_padding_last_edited=&#8221;on|phone&#8221; animation_style=&#8221;slide&#8221; animation_direction=&#8221;right&#8221; animation_intensity_slide=&#8221;25%&#8221; global_colors_info=&#8221;{}&#8221;][et_pb_text _builder_version=&#8221;4.14.7&#8243; _module_preset=&#8221;default&#8221; text_font=&#8221;Montserrat|100||on|||||&#8221; text_text_color=&#8221;#FFFFFF&#8221; text_font_size=&#8221;40px&#8221; text_line_height=&#8221;1em&#8221; animation_direction=&#8221;right&#8221; text_text_color_tablet=&#8221;&#8221; text_text_color_phone=&#8221;&#8221; text_text_color_last_edited=&#8221;on|phone&#8221; text_font_size_tablet=&#8221;&#8221; text_font_size_phone=&#8221;28px&#8221; text_font_size_last_edited=&#8221;on|phone&#8221; text_line_height_phone=&#8221;1em&#8221; text_line_height_last_edited=&#8221;off|phone&#8221; global_colors_info=&#8221;{}&#8221;]</p>
<p>Awards and honors</p>
<p>[/et_pb_text][et_pb_text _builder_version=&#8221;4.14.7&#8243; _module_preset=&#8221;default&#8221; text_font=&#8221;|300|||||||&#8221; text_text_color=&#8221;#FFFFFF&#8221; text_line_height=&#8221;1.8em&#8221; hover_enabled=&#8221;0&#8243; text_line_height_tablet=&#8221;&#8221; text_line_height_phone=&#8221;1.3em&#8221; text_line_height_last_edited=&#8221;on|phone&#8221; global_colors_info=&#8221;{}&#8221; sticky_enabled=&#8221;0&#8243;]</p>
<p>2012 2012 <strong>Premio Positano de la Danza</strong> &#8216;Leonide Massine&#8217;.<br /><a href="https://www.elmundo.es/elmundo/2012/09/09/cultura/1347211478.html" target="_blank" rel="noopener"><em>BERNAL recibe el Premio Positano de la Danza “Leone Massine</em></a></p>
<p>2016 <strong>Ballet 2000 Award </strong>. Prix in Cannes, France<br /><a href="https://www.elmundo.es/cultura/2016/07/31/579e2e58468aebce658b45a4.html" target="_blank" rel="noopener"><em>“El baile español de Sergio Bernal, galardonado junto a la élite del ballet clásico internacional.”</em></a></p>
<p>2017 <strong>FORBES Award</strong> &#8220;UNDER 30 UNDER&#8221;.<br /><a href="https://forbessummit.es/30-under-30-2017/" target="_blank" rel="noopener"><em>“Forbes España, la revista de negocios por excelencia en nuestro país, reúne a los 30 españoles más exitosos por debajo de los 30 años en la primera edición de Forbes 30 under 30 para hacer una radiografía completa del emprendimiento actual en un mundo digitalizado y cambiante.”</em></a></p>
<p>2018 <strong>Nominated for UK National Dance Awards</strong> (for Outstanding male classical performance &#8220;The Swan&#8221;)<br /><a href="https://dancetabs.com/2018/11/2018-national-dance-awards-announcement-of-nominations/" target="_blank" rel="noopener"><em>2018 National Dance Awards. Announcement of Nominations</em></a></p>
<p>2019 Named <strong>UK Ambassador for the Arts</strong>.<br /><a href="https://www.lavanguardia.com/vida/20190529/462560778309/el-bailarin-espanol-sergio-bernal-embajador-de-las-artes-del-reino-unido.html" target="_blank" rel="noopener"><em>“El bailarín madrileño Sergio Bernal, embajador de las Artes del Reino Unido.”</em></a></p>
<p>2021 <strong>Taobuk Awards Award </strong> for the best dancer on the international scene. Taormina, Italy.</p>
<p>2021 <strong>World Dance Stars Gala Recognition </strong>. Santo Domingo.</p>
<p>2023 <strong>Award to the best internacional dancer</strong>. International magazine DANZA&#038;DANZA 2022.</p>
<p>[/et_pb_text][/et_pb_column][/et_pb_row][/et_pb_section]</p>
